1 composite?
True
Is 7703336281 prime?
True
Is 48226532477 prime?
False
Is 26513415371 prime?
True
Is 15845356561 a composite number?
False
Is 1773791087 a composite number?
True
Is 31064000221 a composite number?
True
Is 13989013267 a prime number?
True
Is 63546461 composite?
True
Is 80483871911 a prime number?
False
Is 1834049359 prime?
False
Is 242676390613 composite?
True
Is 1099230217 a prime number?
False
Is 4449256169 composite?
False
Is 18024689 a composite number?
True
Is 31061731661 composite?
True
Is 746622253 composite?
True
Is 120625949 prime?
True
Is 84239698373 a prime number?
True
Is 89932937711 prime?
False
Is 29068905521 a prime number?
True
Is 7309697 composite?
False
Is 7167587995 prime?
False
Is 14205710891 a composite number?
False
Is 7240422727 a prime number?
True
Is 478089239 a prime number?
False
Is 2439736277 a composite number?
True
Is 7770945341 prime?
True
Is 600613873 a prime number?
False
Is 14269987241 a composite number?
False
Is 94496389 composite?
True
Is 28079857462 prime?
False
Is 141216994769 composite?
False
Is 4348603829 prime?
True
Is 33932744401 a composite number?
False
Is 28807974677 composite?
True
Is 65846760001 prime?
False
Is 88730717483 a prime number?
False
Is 1088170439 a composite number?
True
Is 13371393743 a composite number?
False
Is 1386333107 composite?
False
Is 60516173009 a composite number?
False
Is 877824901 composite?
True
Is 40916145133 a composite number?
False
Is 164944951 prime?
True
Is 580680637 composite?
False
Is 4334314909 composite?
True
Is 8045423053 composite?
True
Is 5560620493 a composite number?
True
Is 54255867839 a composite number?
False
Is 2575709249 a prime number?
True
Is 106657837801 a prime number?
True
Is 28014106949 a composite number?
True
Is 37598798899 a prime number?
True
Is 34783156351 a composite number?
False
Is 1467881791 composite?
False
Is 16767042241 a composite number?
False
Is 81391321289 prime?
True
Is 123932507 a composite number?
False
Is 2103267515 composite?
True
Is 10124724319 prime?
True
Is 14550882569 prime?
True
Is 499956811 a prime number?
False
Is 452511119 composite?
False
Is 31410181591 a composite number?
False
Is 81294337 prime?
False
Is 3681331207 prime?
False
Is 14717937313 composite?
False
Is 594676171 a prime number?
False
Is 11129995169 a prime number?
True
Is 755013701 composite?
True
Is 11990760707 a prime number?
False
Is 8931088135 a prime number?
False
Is 295601671 a composite number?
False
Is 16933936717 a prime number?
False
Is 31861432511 a composite number?
False
Is 11314423139 composite?
False
Is 36808062961 prime?
True
Is 36090844819 prime?
True
Is 219591749 a prime number?
False
Is 17853723443 a composite number?
False
Is 3960390407 a prime number?
False
Is 2273762693 prime?
True
Is 118305697247 a prime number?
False
Is 16266807199 a composite number?
False
Is 3043304491 a prime number?
True
Is 5557923057 a prime number?
False
Is 1528730129 prime?
True
Is 2026798897 prime?
True
Is 1355338247 a prime number?
True
Is 60614569 a prime number?
False
Is 75491622337 a composite number?
False
Is 581104423 a composite number?
False
Is 947610211 prime?
False
Is 671563927 prime?
True
Is 2170637107 composite?
False
Is 9487003441 composite?
True
Is 4614793933 composite?
False
Is 4107455479 composite?
False
Is 860968639 prime?
True
Is 5928070361 composite?
True
Is 32245793303 composite?
True
Is 15775605823 composite?
False
Is 1876876049 a composite number?
True
Is 93397086617 prime?
True
Is 4189070801 a prime number?
False
Is 62193927451 a composite number?
True
Is 401204899 a composite number?
False
Is 5127988357 a prime number?
True
Is 7325653133 composite?
True
Is 284432371 a prime number?
False
Is 72999689 composite?
True
Is 243376541 prime?
False
Is 56668175969 a composite number?
True
Is 463152887 composite?
False
Is 6667922197 composite?
True
Is 15725798249 a composite number?
True
Is 32863190137 a composite number?
True
Is 36259126073 a prime number?
False
Is 259025059 a prime number?
True
Is 10183027559 prime?
True
Is 1416099071 a prime number?
False
Is 3496594667 prime?
True
Is 1267033673 a prime number?
False
Is 77904101 prime?
False
Is 315204311 a composite number?
True
Is 27564731119 a composite number?
False
Is 307688431 composite?
False
Is 5718208103 a prime number?
False
Is 17176701281 a composite number?
True
Is 376430101 prime?
True
Is 314231534741 composite?
False
Is 124420663597 composite?
False
Is 6612711317 a composite number?
False
Is 13580491307 a prime number?
False
Is 73776634427 prime?
False
Is 119636717 a prime number?
True
Is 215142539 prime?
False
Is 1182454543 prime?
True
Is 335613671 a composite number?
True
Is 47199533 prime?
True
Is 191475772913 a composite number?
False
Is 1217018507 a composite number?
False
Is 1156723829 a composite number?
False
Is 1619932151 a composite number?
False
Is 203375047 a composite number?
True
Is 40599289963 prime?
True
Is 9182532981 a prime number?
False
Is 13746181673 prime?
False
Is 2504353559 composite?
False
Is 282272411 prime?
False
Is 167296853123 a prime number?
False
Is 387439153 prime?
True
Is 7523520509 a prime number?
False
Is 322010441 prime?
False
Is 14655747971 composite?
False
Is 919811441 a composite number?
True
Is 4902588263 a prime number?
False
Is 413379749 a composite number?
True
Is 470799677 a prime number?
True
Is 148068132691 prime?
False
Is 55420985237 a prime number?
True
Is 10522785193 a prime number?
False
Is 31280279341 a prime number?
True
Is 7228247123 composite?
True
Is 2730634007 a prime number?
True
Is 175265226023 a prime number?
True
Is 840053321 a composite number?
False
Is 7482808159 prime?
True
Is 67541581031 composite?
False
Is 156992393 a composite number?
True
Is 80461943 prime?
False
Is 847714867 a prime number?
False
Is 72173744763 composite?
True
Is 10867254815 a prime number?
False
Is 543159889 prime?
False
Is 3014084167 a prime number?
False
Is 15564272291 a composite number?
False
Is 372740513 composite?
False
Is 114905443591 prime?
True
Is 135209577 a composite number?
True
Is 1219705807 a composite number?
False
Is 256798169 prime?
False
Is 38009180789 prime?
True
Is 575858851 a prime number?
False
Is 10866209203 a composite number?
True
Is 1785319246 composite?
True
Is 301285093 a prime number?
False
Is 10767768413 composite?
False
Is 1898550741 prime?
False
Is 500715259 prime?
False
Is 154339429 a composite number?
False
Is 63571235471 composite?
False
Is 3874382653 a prime number?
False
Is 174224365163 prime?
True
Is 9130407203 a prime number?
True
Is 23516093869 a composite number?
True
Is 1442943539 composite?
False
Is 2474244491 composite?
False
Is 74174399243 composite?
True
Is 10427936983 a composite number?
True
Is 4443308299 composite?
True
Is 26579089327 prime?
False
Is 74514259691 composite?
False
Is 5355517849 a composite number?
True
Is 2237098229 a composite number?
True
Is 227592263 a composite number?
True
Is 10611820462 composite?
True
Is 410490709 composite?
True
Is 3581925467 prime?
False
Is 16976603 a composite number?
True
Is 92751409 a prime number?
True
Is 129998692523 prime?
False
Is 81801216017 prime?
True
Is 65459388871 a prime number?
True
Is 2150954021 composite?
True
Is 5575448441 composite?
False
Is 2129301535 a composite number?
True
Is 90761001767 a prime number?
True
Is 4798487689 a composite number?
True
Is 15551831243 a composite number?
True
Is 3011595397 a prime number?
True
Is 3502708763 a composite number?
False
Is 23418953401 a composite number?
False
Is 36858766687 composite?
True
Is 536989841 prime?
True
Is 2990295839 prime?
True
Is 271026628205 prime?
False
Is 490258174489 a prime number?
True
Is 1002672269 a prime number?
False
Is 717772151 a composite number?
False
Is 512383463 prime?
True
Is 37403490391 a prime number?
False
Is 1856980291 a composite number?
False
Is 18897363769 a composite number?
False
Is 4433362873 prime?
False
Is 2058045269 composite?
True
Is 41705767 a prime number?
True
Is 1723573799 a composite number?
True
Is 20126933209 a prime number?
False
Is 5179962797 prime?
True
Is 16746287321 composite?
False
Is 2788477939 a composite number?
True
Is 14260507406 a composite number?
True
Is 369547727 a prime number?
True
Is 1286042627 composite?